me factors of z?
3
Let n = 2022 + -862. What are the prime factors of n?
2, 5, 29
Suppose 0 = v + 5*v + 30. Let c(t) = -3*t + 26. List the prime factors of c(v).
41
Suppose -675 = -v - 11. What are the prime factors of v?
2, 83
Suppose 0 = 4*g + 26 + 18. Let c = g + 21. Suppose 0 = -i + c + 39. What are the prime factors of i?
7
Suppose 0 = 129*n - 131*n + 238. What are the prime factors of n?
7, 17
Suppose -448 = -8*i + 344. List the prime factors of i.
3, 11
Suppose -g + 457 = -771. List the prime factors of g.
2, 307
Let f(m) = 2*m + 2. Let h be f(1). Let g be 92/14 + h/(-7). Suppose -c = -u, -2*c + u - g = -4*u. What are the prime factors of c?
2
Suppose -2*h + 462 = -282. Suppose -7*o + 377 = -h. List the prime factors of o.
107
Let d = 2 - -4. Let g be d/(-4)*80/(-6). List the prime factors of (-184)/(-7) + g/(-70).
2, 13
Let z(i) = i**2 - 6*i - 3. Let n be z(7). Suppose -n*c = -10*c + 168. List the prime factors of c.
2, 7
Suppose -3*f - 2155 = m - 6*m, -2*m - 5*f + 831 = 0. Let d = -293 + m. List the prime factors of d.
3, 5
Suppose -5*x + 5*y = -0*y, 0 = 4*x + 5*y - 27. Suppose -2*t - 2*t + 136 = -x*o, -23 = -t - 2*o. Suppose 0 = -4*s - t + 151. What are the prime factors of s?
2, 3, 5
Suppose -2*u - 10 = -2*o, -3*u + 4*o - 7 = 3. Let w(r) = r**3 + 10*r**2 - r - 2. List the prime factors of w(u).
2
Suppose 5*w - 1034 = -169. Let v be ((-1)/(-5))/((-19288)/(-9640) - 2). Suppose -6*u + w = -v. What are the prime factors of u?
3, 23
Suppose 15 = -3*r - 4*t + 43, 3*r - 5*t = -8. Suppose r*q + 3 = -b - 6, 3*q + 12 = 0. List the prime factors of b.
7
Suppose -6 = -2*g, 6*f - 2*g = 3*f + 1620. List the prime factors of f.
2, 271
Let v(x) = -38*x**3 - x**2 - 22*x - 9. What are the prime factors of v(-5)?
2, 19, 127
Let x = -434 - -2256. List the prime factors of x.
2, 911
Let b = -10 - -12. Let l be 6*(-3 + 9/b). Let q = 0 + l. What are the prime factors of q?
3
Let z(g) = 4*g**3 + 5*g**2 - 3*g - 14. List the prime factors of z(5).
2, 149
Suppose 4*t = 5*f - 20 - 514, -2*f - 5*t + 240 = 0. Let d(b) = -b**2 + b + 5. Let q be d(0). Suppose -q*j + 45 = -f. What are the prime factors of j?
31
What are the prime factors of (16 - -222)/((-63)/69 + 1)?
7, 17, 23
Let k(q) = 18*q - 1. Suppose 2*c + 10 = 7*c. Let x be k(c). Suppose 0 = -3*p + 2*p + 4*h - 18, -x = -5*p - 5*h. List the prime factors of p.
2
Let x(q) = 2 - 4 - 8*q - 2 + 3. Let a be (1 - 0)*(-21)/7. List the prime factors of x(a).
23
Let z(s) be the second derivative of -1/2*s**2 - 1/6*s**4 + 0 - 1/6*s**3 + 6*s + 7/20*s**5. What are the prime factors of z(2)?
3, 5
Let d = -2031 + 3325. What are the prime factors of d?
2, 647
Let z be (-2)/(-6) - (-9)/(-27). Suppose -7*h - 12 = -3*h, z = 5*o - h + 142. Let q = -8 - o. List the prime factors of q.
3, 7
Suppose -4*i = -3*i + 3*l - 295, i = 5*l + 255. List the prime factors of i.
2, 5, 7
Suppose 0 = 28*z - 522 - 1018. List the prime factors of z.
5, 11
Suppose 5*g + 3 = 6*g. Suppose 0 = -q - g*o - 41, -5*q + 2*q - 2*o = 88. Let p = q - -39. What are the prime factors of p?
13
Let i = 112 - 45. What are the prime factors of i?
67
Suppose -y - 55 = -3*t, 11*t - 7*t + 4*y - 68 = 0. Let d be (-1)/(1 + (-5)/4). Suppose -t = -d*v + 102. What are the prime factors of v?
2, 3, 5
Let r(c) = 7*c - 4 - 2*c - 6*c. Let i be r(-7). Suppose -7 = -i*g + 23. List the prime factors of g.
2, 5
Let x = 13 - 15. Let v be x/((-8)/18)*-2. List the prime factors of (v/(-2))/(3/6).
3
Let r be 3 + -4 - 1*-5. Suppose 15 = r*y + y. Suppose -x - 2*a = -7*a - 9, -y*x - a + 43 = 0. What are the prime factors of x?
2, 7
Suppose 31*g = 41*g - 12070. List the prime factors of g.
17, 71
Suppose 15*k + 8 = 17*k. Suppose -2*t - k = 0, -5*s + 0*t = 3*t - 4. List the prime factors of s.
2
Suppose -4 = -2*x - 0*x. Let a be -3 - -5 - (x + -3). Let f(i) = i**2 - 2*i + 3. What are the prime factors of f(a)?
2, 3
Suppose 7*g - 2*g = 0. Suppose 5*n - n - 956 = g. Suppose -5*k + n = -36. List the prime factors of k.
5, 11
Let v(k) = 71*k + 52. List the prime factors of v(16).
2, 3, 11
Let l = 41 + -38. List the prime factors of (-41)/((-9)/l + 2).
41
Suppose -33*g + 12303 = 3393. List the prime factors of g.
2, 3, 5
Let w(g) = -g - 4. Let k be w(-4). Suppose k = -5*m - 4*o + 35, -2*o - 7 = 3*m - 28. Suppose 2 = -2*q - 3*h + m, q + 1 = -5*h. What are the prime factors of q?
2
Let n = 2461 + -784. What are the prime factors of n?
3, 13, 43
Let t(w) = w**3 + 8*w**2 - 5*w - 5. Let r(d) = -4*d**3 - d**2 + d + 2. Let v be r(-1). Let p be 1 - -2 - v - 7. What are the prime factors of t(p)?
5, 7
Suppose 18*i = 14*i - 12, q - 5*i - 66 = 0. What are the prime factors of q - (9/(-1))/(-3)?
2, 3
Let y = 3 + -10. Let s = -39 - -58. Let m = s + y. List the prime factors of m.
2, 3
Let x be 10/(-5) + -2 - -6. Suppose -3*d = v - 7, x*v + 18 - 2 = 4*d. What are the prime factors of d?
3
Suppose -2*k = k. Suppose k = -u + 31 + 26. Suppose 4*v = 79 + u. List the prime factors of v.
2, 17
Let g(u) be the third derivative of 47*u**5/60 - u**4/24 + u**3/6 - 24*u**2. Suppose -3 = 4*d - 7. List the prime factors of g(d).
47
Suppose 3*l - 4*l - n = -98, 2*l - 202 = -5*n. Suppose -u = u - l. What are the prime factors of u?
2, 3
Let m = -9904 - -14403. List the prime factors of m.
11, 409
List the prime factors of 217974/119 + (-6)/(-21).
2, 229
Suppose p - 514 = -2*i, -3*i + 266 = -2*i + 5*p. Suppose -3*l = 3*r + 2*r - i, -5*r - 4*l + 258 = 0. What are the prime factors of r?
2, 5
Suppose -5*z + 4*n = -6636 - 2013, -4*z = 5*n - 6911. What are the prime factors of z?
7, 13, 19
Suppose 5*a = 0, 2*i - 757 - 719 = -a. List the prime factors of i.
2, 3, 41
Let i(g) = 8*g**2 + 21*g - 4. Let c be i(-5). Let a = c - 21. What are the prime factors of a?
2, 5, 7
Suppose -2*l + 0*l + 38 = 3*t, 2*t + 28 = 2*l. Let f be l/24 + (-13)/(-3). Suppose 0 = -f*s + 3*y + 113, -21 - 2 = -s + y. List the prime factors of s.
2, 11
Suppose 5*a = -v + 20, 2*a - 4*a = -2*v + 28. Let i be (80/(-6))/((-5)/v). Let q = i - 5. What are the prime factors of q?
5, 7
Let o(g) = 4*g**2 + 16*g - 36. What are the prime factors of o(13)?
2, 53
Suppose 0 = -5*q + 39 - 29, 5*q = -2*u + 4858. List the prime factors of u.
2, 3, 101
Let b be ((-1)/2)/((-12)/(-240)). Let s(t) = -t**2 - 10*t - 1. Let w be s(b). Let o(g) = -20*g - 2. List the prime factors of o(w).
2, 3
Let g = 10 - 8. List the prime factors of g/(-11) + (-3)/((-66)/2908).
2, 3, 11
Suppose 4*r - r + 27 = 0. Let x(p) = 25*p + 5. Let d(o) = -6*o - 1. Let a(w) = r*d(w) - 2*x(w). What are the prime factors of a(2)?
7
Suppose -2*b + 4 = -b. Let l = 50 - 44. Suppose x + 29 = 2*o + l*x, -b*o + 5*x = -13. List the prime factors of o.
7
Let p = 18 + -9. Suppose -21 = -2*a - p. What are the prime factors of (-188)/a*6/(-4)?
47
Suppose 17 + 12 = 2*l - 5*g, -2*l - 21 = 5*g. What are the prime factors of 46/(-2 - l*-4)*27?
3, 23
Let a(p) = p**2 + 3*p - 1. Let f(u) = 6*u**3 - u - 1. Let y(c) = c**3 + c**2 - 1. Let l be y(0). Let x be f(l). List the prime factors of a(x).
17
Suppose 2*o + 3*n = 54, -o + 58 = o + 2*n. Let v = o + 15. Suppose 3*d = v - 15. What are the prime factors of d?
11
Let l(i) = 7*i**3 - 3*i**2 + 3*i - 7. Let y be l(6). Suppose -4*p + 49 = -2*f + 615, -y = -5*f - 2*p. List the prime factors of f.
283
Let f = -40 - -160. Suppose -3*b = -s + 110, 168 + f = 3*s + 5*b. What are the prime factors of s?
101
Suppose 4*q - 346 = 974. Suppose -3*a - 119 = 4*n - q, -3*a = -2*n - 187. List the prime factors of a.
5, 13
Let x(g) = g**3 + 39*g**2 - 83*g - 200. List the prime factors of x(-40).
2, 5, 19
Let r(o) be the second derivative of 2/3*o**4 - 1/20*o**5 + 0*o**3 - 5/2*o**2 + 0 - 8*o. What are the prime factors of r(7)?
2, 11
Let c = -210 - -495. List the prime factors of c.
3, 5, 19
Let o = -29 - -5. Let g = o - 16. Let l = -23 - g. What are the prime factors of l?
17
Let u(t) = 35*t**2 + t - 1. Suppose 2*x + 17 = 3*l, 5*x + 6*l = 2*l + 15. List the prime factors of u(x).
3, 11
Let l = -82 - -153. Let i = 167 - l. List the prime factors of i.
2, 3
Let c(u) = -4*u - 48. Let x be c(-10). Let g(v) = -v**2 - 14*v - 1. What are the prime factors of g(x)?
47
Let k be (548/3)/((-5)/(-15)) - 1. Let c = k + -265. What are the prime factors of c?
2, 3, 47
Let h(f) = 5*f + 4. Let o be h(-4). Let y(